 of 1180741140?
2, 3, 5, 6559673
What are the prime factors of 20709015?
3, 5, 43, 97, 331
What are the prime factors of 1313723802?
2, 3, 19, 2203, 5231
What are the prime factors of 94611502?
2, 47305751
List the prime factors of 787821814.
2, 13, 19, 521, 3061
List the prime factors of 111250508.
2, 1429, 19463
What are the prime factors of 62493158?
2, 7, 13, 61, 433
List the prime factors of 110616294.
2, 3, 1277, 14437
What are the prime factors of 1479212058?
2, 3, 17, 31, 61, 7669
What are the prime factors of 199342664?
2, 24917833
List the prime factors of 140211803.
140211803
List the prime factors of 1345351165.
5, 167, 1611199
What are the prime factors of 130422468?
2, 3, 11, 67, 14747
List the prime factors of 101384790.
2, 3, 5, 13, 19997
What are the prime factors of 94817276?
2, 131, 180949
List the prime factors of 211364856.
2, 3, 978541
List the prime factors of 5988322004.
2, 7, 1597, 133919
List the prime factors of 5853992.
2, 37, 19777
What are the prime factors of 64404331?
29, 2220839
List the prime factors of 673195635.
3, 5, 7, 547, 3907
What are the prime factors of 323632103?
23, 1999, 7039
What are the prime factors of 313410875?
5, 43, 58309
List the prime factors of 246603566.
2, 11, 1019023
List the prime factors of 41466191.
13, 619, 5153
What are the prime factors of 11502237?
3, 3834079
What are the prime factors of 420272705?
5, 967, 86923
What are the prime factors of 72558385?
5, 199, 72923
What are the prime factors of 7304455?
5, 19, 23, 3343
List the prime factors of 301068897.
3, 71, 103, 13723
What are the prime factors of 524609274?
2, 3, 7, 2833, 4409
What are the prime factors of 2117250489?
3, 3821, 184703
What are the prime factors of 1125344258?
2, 562672129
What are the prime factors of 524463776?
2, 43, 563, 677
What are the prime factors of 794662494?
2, 3, 31, 61, 70039
List the prime factors of 988340923.
197, 5016959
What are the prime factors of 768201068?
2, 29, 6622423
List the prime factors of 373728438.
2, 3, 181, 38237
What are the prime factors of 3528870?
2, 3, 5, 19, 41, 151
List the prime factors of 59165043.
3, 7, 2817383
What are the prime factors of 178026312?
2, 3, 17, 25667
List the prime factors of 1464820847.
7, 47, 73, 8713
List the prime factors of 2661730175.
5, 13, 8189939
List the prime factors of 179518071.
3, 59839357
What are the prime factors of 4993260478?
2, 509, 4904971
What are the prime factors of 18867704?
2, 2358463
List the prime factors of 222542514.
2, 3, 541, 22853
What are the prime factors of 130473956?
2, 32618489
What are the prime factors of 106299478?
2, 53149739
List the prime factors of 3157539172.
2, 2087, 378239
List the prime factors of 213438653.
1039, 205427
What are the prime factors of 3480565?
5, 11, 523
List the prime factors of 2851563029.
7, 97, 859, 4889
List the prime factors of 534816644.
2, 133704161
List the prime factors of 80098106.
2, 11, 3640823
List the prime factors of 1383455418.
2, 3, 103, 1381, 1621
List the prime factors of 3027451394.
2, 11, 83, 977, 1697
List the prime factors of 170248869.
3, 7, 31, 179, 487
List the prime factors of 355853688.
2, 3, 157, 94441
List the prime factors of 44109184.
2, 7, 19, 2591
List the prime factors of 978355084.
2, 7, 101, 345953
What are the prime factors of 25837390?
2, 5, 2583739
What are the prime factors of 122669792?
2, 7, 419, 1307
List the prime factors of 124267866.
2, 3, 19, 151, 7219
List the prime factors of 117491232.
2, 3, 1223867
List the prime factors of 469366167.
3, 156455389
What are the prime factors of 110032001?
110032001
What are the prime factors of 422762155?
5, 84552431
What are the prime factors of 3767692?
2, 523, 1801
List the prime factors of 3984092908.
2, 996023227
What are the prime factors of 27603930?
2, 3, 5, 601, 1531
List the prime factors of 11481609.
3, 1877, 2039
List the prime factors of 464645625.
3, 5, 247811
List the prime factors of 124294495.
5, 13, 139, 13757
List the prime factors of 109411304.
2, 13676413
List the prime factors of 125225377.
125225377
List the prime factors of 514384692.
2, 3, 42865391
What are the prime factors of 549873907?
11, 49988537
What are the prime factors of 360378350?
2, 5, 139, 51853
List the prime factors of 472890428.
2, 17, 59, 311, 379
List the prime factors of 3291921036.
2, 3, 91442251
What are the prime factors of 31603819?
13, 2431063
What are the prime factors of 3201806007?
3, 355756223
List the prime factors of 5234284.
2, 11, 337, 353
What are the prime factors of 1203021214?
2, 19, 31658453
What are the prime factors of 5000478673?
83, 173, 348247
List the prime factors of 161659579.
17, 197, 48271
List the prime factors of 90943354.
2, 487, 93371
List the prime factors of 265746223.
2377, 111799
List the prime factors of 89957974.
2, 44978987
List the prime factors of 10251229.
10251229
List the prime factors of 1687802917.
113, 2357, 6337
What are the prime factors of 742469652?
2, 3, 2291573
What are the prime factors of 1725326153?
461, 3742573
List the prime factors of 785066975.
5, 7, 11, 29, 41
What are the prime factors of 50462906?
2, 13, 1940881
What are the prime factors of 667540089?
3, 109, 226823
What are the prime factors of 89307307?
17, 37, 41, 3463
What are the prime factors of 16739830?
2, 5, 1673983
List the prime factors of 1302116494.
2, 7, 1061, 1789
What are the prime factors of 2621126284?
2, 7, 103, 908851
What are the prime factors of 7862203?
463, 16981
List the prime factors of 2581146024.
2, 3, 107547751
List the prime factors of 2758767175.
5, 37, 2982451
What are the prime factors of 2285482840?
2, 5, 193, 296047
List the prime factors of 2330932542.
2, 3, 947, 410231
What are the prime factors of 363217491?
3, 7, 13, 443489
What are the prime factors of 1111125222?
2, 3, 20576393
What are the prime factors of 2124279311?
7, 11, 61, 64609
List the prime factors of 24009967.
17, 1412351
List the prime factors of 542766286.
2, 271383143
List the prime factors of 39302567.
39302567
List the prime factors of 3777534331.
3777534331
What are the prime factors of 244244944?
2, 263, 58043
What are the prime factors of 125621945?
5, 139, 180751
List the prime factors of 687571208.
2, 29, 2963669
What are the prime factors of 102433923?
3, 3793849
What are the prime factors of 346592497?
23, 15069239
List the prime factors of 79141594.
2, 7, 37, 152783
List the prime factors of 993689962.
2, 496844981
List the prime factors of 34384157.
34384157
What are the prime factors of 319592137?
113, 883, 3203
What are the prime factors of 3731941867?
19, 1453, 135181
List the prime factors of 83276217.
3, 17, 101, 317
What are the prime factors of 45530268?
2, 3, 7, 542027
What are the prime factors of 2443248616?
2, 61, 5006657
List the prime factors of 902000389.
4273, 211093
List the prime factors of 5022994621.
199, 25241179
What are the prime factors of 52025169?
3, 7, 127, 19507
List the prime factors of 2472880631.
13, 190221587
What are the prime factors of 215238775?
5, 251, 34301
List the prime factors of 22930760.
2, 5, 73, 7853
List the prime factors of 2327753589.
3, 7, 1901, 58309
List the prime factors of 463740865.
5, 7, 13249739
List the prime factors of 1639793551.
11, 5827, 25583
List the prime factors of 35458899.
3, 7, 109, 2213
List the prime factors of 246390188.
2, 11, 5599777
What are the prime factors of 42288413?
419, 100927
What are the prime factors of 578179391?
1187, 487093
List the prime factors of 58631825.
5, 7, 79, 4241
List the prime factors of 13670678.
2, 7, 976477
What are the prime factors of 1383927471?
3, 1291, 39703
List the prime factors of 201495907.
201495907
List the prime factors of 1767879385.
5, 17, 47, 547, 809
What are the prime factors of 51562762?
2, 43, 127, 4721
What are the prime factors of 117158039?
239, 490201
What are the prime factors of 309417333?
3, 367, 281033
What are the prime factors of 1944767897?
199, 9772703
List the prime factors of 50953629.
3, 131, 317, 409
What are the prime factors of 12843442?
2, 6421721
List the prime factors of 816344862.
2, 3, 17, 8003381
What are the prime factors of 50812105?
5, 997, 10193
List the prime factors of 17048499.
3, 13, 437141
List the prime factors of 434374055